 - -8192?
858a
In base 9, what is 415558 - 40?
415518
In base 14, what is 1bd2a5 + 1d5?
1bd49a
In base 8, what is -421 - -16311?
15670
In base 13, what is -8 - 2a732c88?
-2a732c93
In base 6, what is -334334 - 150?
-334524
In base 9, what is -4827415 + 7?
-4827407
In base 11, what is 62 + -115085?
-115023
In base 2, what is -10000010 + -11100010010001010?
-11100010100001100
In base 5, what is -10 - -33221402?
33221342
In base 12, what is 5 + 336b806?
336b80b
In base 5, what is 40101 + -10233422?
-10143321
In base 7, what is 126146203 - 4?
126146166
In base 2, what is -1000111010001101 - 1010010100?
-1001000100100001
In base 8, what is 272 - 6124225?
-6123733
In base 4, what is -130013 - -110120031?
103330012
In base 2, what is -1001010 + -1011011111010?
-1011101000100
In base 3, what is 122112122221 + 201022?
122120101020
In base 16, what is -7c - -afa1?
af25
In base 15, what is -c - -705352?
705345
In base 14, what is 100c8b9 + 18?
100c8d3
In base 4, what is -20230 - -2200132?
2113302
In base 11, what is 3140 - 21?
311a
In base 8, what is -410601 - -22?
-410557
In base 3, what is 10022021200 + -1120112?
10020201011
In base 9, what is -86748 - 28528?
-126377
In base 7, what is -142 - -24466613?
24466441
In base 15, what is -20 + -12708a?
-1270aa
In base 4, what is 10312113022 - 1?
10312113021
In base 15, what is 4c9924e2 - 5?
4c9924dc
In base 11, what is -364081 - 1a?
-3640a0
In base 16, what is 2d + -1673b?
-1670e
In base 14, what is -18ab75 + -170?
-18ad05
In base 16, what is 109 - -2c2b?
2d34
In base 12, what is -74 - 3b012?
-3b086
In base 4, what is 23130 + -30201101?
-30111311
In base 12, what is 90351193 + -1?
90351192
In base 2, what is -1010100010100010011110 - -101?
-1010100010100010011001
In base 15, what is 6a + -c98a31?
-c989b6
In base 13, what is 13c - -40309c?
40320b
In base 14, what is -64280 - -122?
-6415c
In base 10, what is 263 + 6314?
6577
In base 7, what is 2 + 315201656?
315201661
In base 8, what is -42560 - -640?
-41720
In base 6, what is 142513103 + 5?
142513112
In base 6, what is 23201 - 5135?
14022
In base 2, what is 11100001111110110111001000 - -101?
11100001111110110111001101
In base 8, what is 15716406 + -436?
15715750
In base 4, what is 0 + -213002310312?
-213002310312
In base 10, what is 1523 - 36362?
-34839
In base 16, what is -2e2b + -1750?
-457b
In base 6, what is -4100 + -321110?
-325210
In base 4, what is -1 - 121111013203?
-121111013210
In base 8, what is 1472 - -13060?
14552
In base 9, what is -332874 + -1108?
-334083
In base 14, what is 1614 + -1273d?
-11129
In base 5, what is -24 + -200034042?
-200034121
In base 6, what is 10150 - -1242441?
1253031
In base 3, what is -110211002100 + -1102?
-110211010202
In base 9, what is 2 + -174608338?
-174608336
In base 14, what is -282539 + 0?
-282539
In base 15, what is -165a36d + -3?
-165a371
In base 15, what is -3d96b6 + 0?
-3d96b6
In base 14, what is 8c26 - 48d7?
432d
In base 14, what is 27 + 3a35322?
3a35349
In base 6, what is -24 - 133123535?
-133124003
In base 8, what is -1173223665 + 0?
-1173223665
In base 10, what is -84680446 - -3?
-84680443
In base 12, what is 1765902b + 4?
17659033
In base 12, what is -11 + -a0a07?
-a0a18
In base 16, what is 1 + 4c6e6?
4c6e7
In base 8, what is -126754 + 11632?
-115122
In base 4, what is -213 + 112012232?
112012013
In base 3, what is 1022122 + 222002?
2021201
In base 14, what is 1319 - 62a5?
-4d8a
In base 5, what is 43433232313 - -1?
43433232314
In base 9, what is -8767840 - 5?
-8767845
In base 8, what is 14775771 - 4?
14775765
In base 11, what is -4513a5321 - 4?
-4513a5325
In base 10, what is 33615385 + 27?
33615412
In base 14, what is 24 - 2170dd0?
-2170daa
In base 4, what is 132310133033 + 0?
132310133033
In base 4, what is -3321130201330 + 2?
-3321130201322
In base 3, what is -201120101100 + -1222?
-201120110022
In base 6, what is 130 + -212240?
-212110
In base 2, what is 1100101010110000011 + 100000110?
1100101011010001001
In base 16, what is -7b - fcad?
-fd28
In base 14, what is -6 - -86075?
8606d
In base 11, what is -118 + -73567?
-73684
In base 7, what is 125 - -55355402?
55355530
In base 13, what is 3 + b857a2?
b857a5
In base 12, what is 22 - -2795040?
2795062
In base 12, what is -237385 - 13?
-237398
In base 14, what is 348 + -19378?
-19030
In base 3, what is 2010010012 - 220011?
2002020001
In base 8, what is 3312467 - 55?
3312412
In base 15, what is 4b2a + -26?
4b04
In base 3, what is 2022 + -2102122211201?
-2102122202102
In base 16, what is 0 + -2bf4c?
-2bf4c
In base 2, what is 11101010101110011100110000 + -100?
11101010101110011100101100
In base 4, what is 3320131301 + -313?
3320130322
In base 2, what is -1101011001110001110100 - -1111101?
-1101011001101111110111
In base 12, what is 2aa - 2b19?
-282b
In base 7, what is -1614403 + 356?
-1614014
In base 4, what is 32202 - -1113320012?
1120012220
In base 4, what is 12031030311300 + 1?
12031030311301
In base 3, what is -21212 + 2021202200110?
2021202101121
In base 11, what is 127231554 + 4?
127231558
In base 15, what is 2c67d - 55?
2c628
In base 2, what is -10001100 + -1000111010111110?
-1000111101001010
In base 5, what is 30104324423 + 2?
30104324430
In base 7, what is 14515 + -125126?
-110311
In base 13, what is -5c4b99 - -8?
-5c4b91
In base 16, what is -439d31 + 0?
-439d31
In base 11, what is -2 - 1441493?
-1441495
In base 5, what is 11011 - -414443343?
420004404
In base 11, what is -721510 + 78?
-721443
In base 2, what is 110101110101111101101010010 - 0?
110101110101111101101010010
In base 13, what is 1ca7 - -ba?
2094
In base 8, what is 102 - 2202360?
-2202256
In base 10, what is -1 + -125390465?
-125390466
In base 7, what is -262 - 1440262?
-1440554
In base 8, what is -35146 - 251?
-35417
In base 10, what is 435156815 - 0?
435156815
In base 16, what is 2e516b - 12?
2e5159
In base 5, what is 311 + -11311?
-11000
In base 14, what is -242681 - -13b?
-242544
In base 7, what is 3323464 + -10?
3323454
In base 7, what is 0 - -64155143?
64155143
In base 12, what is 5 + 58644356?
5864435b
In base 12, what is -1 - -b44721?
b44720
In base 3, what is -11000 + -2011200200?
-2011211200
In base 14, what is -7d811b + 1?
-7d811a
In base 2, what is 0 - -10101000111110111011100101?
10101000111110111011100101
In base 9, what is 5064 + -68437?
-63363
In base 8, what is -1773 + -12350?
-14343
In base 16, what is 12076 + 22d?
122a3
In base 12, what is 11 + -29bb?
-29aa
In base 8, what is 1107434 + 155?
1107611
In base 10, what is -1331 - 23745?
-25076
In base 9, what is -1466 - 235?
-1712
In base 5, what is 224211402 - -4?
224211411
In base 11, what is 14570275 + 8?
14570282
In base 2, what is 101 - -10011101000100000101?
10011101000100001010
In base 13, what is b8a16 - 1c?
b89c7
In base 2, what is -10101010101 + -10010001000000?
-10100110010101
In base 2, what is 1110100111111111 + 11101110?
1110101011101101
In base 11, what is -94a7 + 928?
-867a
In base 11, what is 6030121 + 18?
6030139
In base 15, what is 34ae92 - 8?
34ae89
In base 5, what is 111 + -100244023?
-100243412
In base 14, what is -1ca9 - 713?
-25bc
In base 9, what is 83 - 53434?
-53341
In base 5, what is 10 + -12331011?
-12331001
In base 15, what is -7dba4a - -5?
-7dba45
In base 14, what is -282b05 - -a8?
-282a3b
In base 8, what is 5166146 - -2?
5166150
In base 5, what is -21034444 + -123?
-21040122
In base 8, what is -5 - -1635376242?
1635376235
In base 15, what is 6d - -1d7dd0?
1d7e4d
In base 16, what is 64 - -2f517?
2f57b
In base 4, what is -2 + 10032122111?
10032122103
In base 12, what is -87395 + 78?
-87319
In base 10, what is 11975 + -679?
11296
In base 9, what is 27 + -38343668?
-38343641
In base 2, what is 100100111 + 1011100000011111?
1011100101000110
In base 12, what is -3 + -53a4597?
-53a459a
In base 14, what is -8b3091 - 79?
-8b312a
In base 8, what is -26476 + -27727?
-56425
In base 6, what is 2334551 + 4144?
2343135
In base 9, what is -22 - -6471545?
6471523
In base 2, what is -1001111111000111 - -10001101100?
-1001101101011011
In base 9, what is -58 - -1444170?
1444111
In base 9, what is 1384 + 15582?
17076
In base 12, what is -17 + -915833?
-91584a
In base 4, what is -23230111 - 2003?
-23232120
In base 13, what is -17b38 + 93?
-17a75
In base 16, what is -134f0d8 - -15?
-134f0c3
In base 8, what is -30